= 101 - 186. Let i = p + 329. What are the prime factors of i?
2, 61
Suppose 36*u - 29*u - 2233 = 0. Let j = 493 - u. List the prime factors of j.
2, 3, 29
Let i(f) = -9*f + 16. Let n(k) = 18*k - 32. Let q(l) = 5*i(l) + 2*n(l). Let c be q(-9). What are the prime factors of 1 + c - (2 + (3 - 3))?
2, 3
Let b = 42666 - -43878. List the prime factors of b.
2, 3, 601
Let v(t) = -1265*t**3 - 930*t**2 - t - 3. What are the prime factors of v(-3)?
3, 5, 191
Suppose 0 = 60*o - 54*o + 1500. Let l = 329 - o. List the prime factors of l.
3, 193
Let v = -626 - -1261. Suppose v + 202 = 3*r. Suppose -r = -5*z + 101. List the prime factors of z.
2, 19
Suppose -4*f + 2*f + 73542 = 4*f. List the prime factors of f.
7, 17, 103
Suppose 4*b = -4*l + 75812, 4*b - 3*l - 9603 = 66174. List the prime factors of b.
2, 3, 1579
Suppose 2*l + 5*h = 165, -l + 174 = l - 4*h. List the prime factors of (-2)/17 - (-8 + (-59085)/l).
19, 37
Let o = -25577 - -43710. List the prime factors of o.
18133
Let g(z) = 8*z + 30. Let o be g(4). Let l = -57 + o. Suppose -i - 3*t + 133 = -0*t, 3*i - 387 = -l*t. List the prime factors of i.
2, 31
Suppose f - 32 = 5*t, -4*t + 23 = -9*t + 4*f. What are the prime factors of (-11 - 91/t)*1*614?
2, 307
Let i be (-6)/3 + 78 + 1. Suppose -2*x - 3*m = -650, -2*x - 4*m = -0*m - 654. List the prime factors of (1/7 - x/i) + 154.
2, 3, 5
Let c = -17360 + 34519. List the prime factors of c.
17159
Let k = -3192 + 3199. Let f(b) be the second derivative of b**4/4 - 5*b**3/6 + 17*b**2/2 + b. What are the prime factors of f(k)?
3, 43
Suppose 5*q + 3*c - 46439 = 0, -104*q + 101*q + 27841 = 5*c. What are the prime factors of q?
2, 23, 101
Suppose 5*z = -4*d + 222, 4*z + z - 219 = -3*d. Let a be 6/14 + 318/z. Suppose -27 = -5*w + a. List the prime factors of w.
7
Suppose -f + 3*r + 50756 = 3*f, 5*r = -4*f + 50788. Suppose -2417 + f = 15*u. List the prime factors of u.
5, 137
Suppose 0 = -5*i - r + 59663, -713*i + 714*i - 4*r = 11920. List the prime factors of i.
2, 19, 157
Let w = 17289 - 4227. List the prime factors of w.
2, 3, 7, 311
Let b(l) = 279*l - 25. Let o(k) = -278*k + 28. Let t(x) = 7*b(x) + 6*o(x). What are the prime factors of t(1)?
2, 139
Let y be ((-75)/(-10))/(-5) + (-22917)/(-6). Suppose 7*j - y + 472 = 0. List the prime factors of j.
2, 239
Suppose 123070 = -7*q + 69*q. List the prime factors of q.
5, 397
Let z = -161 + 61. What are the prime factors of ((-975)/z)/(6/8)?
13
Let g(c) = 2*c. Let z be g(-4). Let o(a) = 9*a**2 + 22*a + 11. Let m(r) = 10*r**2 + 23*r + 13. Let j(p) = -5*m(p) + 6*o(p). What are the prime factors of j(z)?
11
Suppose 19*a - 26*a - 456896 = -18*a. What are the prime factors of a?
2, 11, 59
Let t = 3 - 1. Let x be t/(5 - 105/20). What are the prime factors of x/(-20) - 1198/(-5)?
2, 3, 5
What are the prime factors of 45/30*-8 - -1948?
2, 11
Let n(f) = -127*f**3 - 3*f**2 + 10*f + 162. List the prime factors of n(-5).
2, 3, 13, 17
Suppose 0 = 3*a + h + 3*h - 165, -a = 2*h - 57. What are the prime factors of ((-130)/(-39) - (2 + -1))*a?
7, 17
Suppose -13*y + 16*y + 16 = -2*f, 4*y + 6 = 5*f. What are the prime factors of ((-30)/(-5) + f)*19?
2, 19
Let n = 3119 - -18519. List the prime factors of n.
2, 31, 349
Let g be (-11 - -2)*209/(-33). Suppose -63*k + g*k + 30 = 0. Let q(b) = 2*b**2 + 4*b - 35. What are the prime factors of q(k)?
5, 7
What are the prime factors of (-7 + 5)/((-6)/24) + 4493?
7, 643
Suppose -1896427 = -164*v + 475465 - 390116. List the prime factors of v.
2, 3, 19, 53
Let b = -33 - -21. Let n(l) be the second derivative of l**5/20 + 13*l**4/12 + 2*l**3 + 11*l**2/2 + l - 44. What are the prime factors of n(b)?
11
Let h(p) = 5*p**3 - 39*p**2 - 73*p + 87. List the prime factors of h(19).
2, 4729
Suppose 26*l = 29*l + 4*z - 32819, -2*l = -2*z - 21870. What are the prime factors of l?
10937
Suppose -5*j - 42 = -11*j. Suppose -1 = -p - 2*y + j, -3*y = -3*p - 12. Suppose 36*l - 34*l - 288 = p. List the prime factors of l.
2, 3
Let t(j) = j**3 + 6*j**2 + 2*j + 8. Let p be t(-6). What are the prime factors of ((-116)/8 - p)*-30?
3, 5, 7
Suppose -13 + 1 = 3*f. Let g(s) = -8*s**3 - 5*s. List the prime factors of g(f).
2, 7, 19
Let y(v) = -v**3 - 2*v**2 + 53*v + 11057. What are the prime factors of y(0)?
11057
Let v be 10/15*846/12. Suppose 45*u = v*u - 808. List the prime factors of u.
2, 101
List the prime factors of 4006925/(-650)*(2/8 + 82/(-8)).
5, 12329
List the prime factors of 1015662/(-436)*(-22)/3.
11, 1553
Suppose 3*s - 2 = 2*a + 17, 2*a + 4 = 0. What are the prime factors of 78/(-195) + 2877/s?
5, 23
Let p = 9865 + 296. What are the prime factors of p?
3, 1129
Suppose -10*k + 313749 - 12693209 = -380*k. List the prime factors of k.
2, 16729
Let i = -118 + 171. Suppose 2*b = -c + 232, -b + 52 = -5*c - i. What are the prime factors of b?
5, 23
Let z(l) = -2*l**2 - 11*l + 7. Let c be z(-5). Let a be (-4 + c/8)*-2. Suppose 2*b = -n + 370, b - n + a*n - 185 = 0. List the prime factors of b.
5, 37
Let d be (22/(-33))/((-4)/(-5478)). Let s = -36 - d. What are the prime factors of s?
877
Let d(v) = 6346*v - 474. What are the prime factors of d(1)?
2, 367
Suppose 5*a - 4*w + 4162 = 0, 4*w + 3 = 5*w. Let g = 1418 + a. What are the prime factors of g?
2, 3, 7
Suppose -4*y = -p - 6869 - 8438, -2*p + 3838 = y. What are the prime factors of y?
2, 3, 11, 29
Let j be (-77)/28*(-2 - 22). Let y = j - 61. Suppose x + a = y, -2*x = -a - 3*a - 4. List the prime factors of x.
2
Let w(h) = -h**3 - 89*h**2 + 31*h + 374. List the prime factors of w(-91).
3, 5, 941
Suppose -19032 = -17*d - 5653. List the prime factors of d.
787
What are the prime factors of 2798*((-2)/(-6))/((-101)/(-4545))?
2, 3, 5, 1399
Let r be 7/((-35)/10) + 10. Suppose -13*y + r*y = -25. Suppose 20 = -0*j + y*j. List the prime factors of j.
2
Let h = -1214 - 146. What are the prime factors of (h/1)/(-2) + -37 + 38?
3, 227
Let b be 17279/(-3) + 3/(-9). Let d be b/(-50) + 2/(-10). Let i = d + -61. What are the prime factors of i?
2, 3
Suppose -25*z + 1009 + 2766 = 0. Suppose -2*j = -z - 319. What are the prime factors of j?
5, 47
Let i(n) = 2*n - 10. Let o be i(5). Suppose 2*k + 3*d - 257 = o, -5*k + 74 = -5*d - 631. Suppose 3*b + k = 334. What are the prime factors of b?
2, 3, 11
Suppose -3 = -t, -4*t = -2*d - 5 - 3. Suppose -158 + 1066 = d*a. What are the prime factors of a?
2, 227
Suppose 0*q + 5*q = 2*t + 464, -696 = 3*t + 2*q. Let y = 1435 + t. List the prime factors of y.
3, 401
Let i = 1006 + -984. Suppose 18065 = i*s - 18125. What are the prime factors of s?
5, 7, 47
Suppose -3*w + 6*x = x + 27, -3*x + 29 = -5*w. Let d be (30/8)/(w*(-3)/(-48)). Let j = 71 + d. What are the prime factors of j?
2, 7
Let b(i) = i**2 + 14*i + 43. Let t be b(-5). List the prime factors of (t + 6 - (12 - 3)) + 92.
3, 29
Suppose 0*a = 2*a. Let u be (1 - -2) + 1 + a. List the prime factors of -4 + 368/u + 4.
2, 23
Suppose 4*d + 1834 = 28082. What are the prime factors of d?
2, 17, 193
Let z be (-4)/(-6) - (5851/(-3) - 1). Let x = z - 1108. List the prime factors of x.
2, 211
Let f(k) be the third derivative of k**4/4 + 49*k**3/6 - 36*k**2. List the prime factors of f(23).
11, 17
Let f = -81 - -77. Let j be (-8)/(-12)*(1 + f). What are the prime factors of (9/12)/(j/(-136))?
3, 17
Let o = 29 + -27. Let r = -20 + o. Let f = r - -53. List the prime factors of f.
5, 7
Suppose -349 + 3121 = -44*r. Let g be (-129 - (-2 - -3))/(-1). Let t = g + r. List the prime factors of t.
67
Let d = 4539 + 2437. What are the prime factors of d?
2, 109
Suppose z = -5*t - 15, 5*z + 4*t + 15 = -t. Suppose z = 3*s + 5*k - 2627, 1412 + 332 = 2*s - 4*k. What are the prime factors of s?
2, 19, 23
Let w = 0 - 0. Let r = 197 + -18. Suppose -3*k = -5*u + r, -2*u - 2*k + 4*k + 74 = w. List the prime factors of u.
2, 17
Let m = -33494 + 67280. What are the prime factors of m?
2, 3, 1877
Suppose -7*m - 20 = -17*m. Suppose 0 = -5*s + 3*r - 0*r + 2377, r + 951 = m*s. Let c = s - 338. What are the prime factors of c?
2, 3, 23
Let y(t) = t**2 + 7*t - 21. Let z be y(-12). Let x = 4 - z. List the prime factors of (-515)/(-35) - 10/x.
3, 5
What are the prime factors of (-12 - 1) + (1574 - -377)?
2, 3, 17, 19
Suppose p = 5*y - 855, 2*p - 3*y - 3420 = 6*p. List the prime factors of p/(-4) - (1 - (-30)/(-24)).
2, 107